{"id":1759,"date":"2023-01-11T18:20:29","date_gmt":"2023-01-11T15:20:29","guid":{"rendered":"https:\/\/www.moonstarahsap.com\/?page_id=1759"},"modified":"2023-01-11T18:29:44","modified_gmt":"2023-01-11T15:29:44","slug":"lambri","status":"publish","type":"page","link":"https:\/\/www.moonstarahsap.com\/index.php\/lambri","title":{"rendered":"Lambri"},"content":{"rendered":"\t\t<div data-elementor-type=\"wp-page\" data-elementor-id=\"1759\" class=\"elementor elementor-1759\">\n\t\t\t\t\t\t<section class=\"elementor-section elementor-top-section elementor-element elementor-element-9891067 elementor-section-boxed elementor-section-height-default elementor-section-height-default\" data-id=\"9891067\" data-element_type=\"section\" data-e-type=\"section\">\n\t\t\t\t\t\t<div class=\"elementor-container elementor-column-gap-default\">\n\t\t\t\t\t<div class=\"elementor-column elementor-col-100 elementor-top-column elementor-element elementor-element-f66f44a\" data-id=\"f66f44a\" data-element_type=\"column\" data-e-type=\"column\">\n\t\t\t<div class=\"elementor-widget-wrap elementor-element-populated\">\n\t\t\t\t\t\t<div class=\"elementor-element elementor-element-987ab28 elementor-widget elementor-widget-sawmall_why_choose_us\" data-id=\"987ab28\" data-element_type=\"widget\" data-e-type=\"widget\" data-widget_type=\"sawmall_why_choose_us.default\">\n\t\t\t\t<div class=\"elementor-widget-container\">\n\t\t\t\t\t\t\t\r\n        <!-- Fluid Section Two -->\r\n        <section class=\"fluid-section-two\">\r\n            <div class=\"outer-container clearfix\">\r\n                                <!--Image Column-->\r\n                <div class=\"image-column\" style=\"background-image:url(https:\/\/www.moonstarahsap.com\/wp-content\/uploads\/2023\/01\/lambiri.jpg)\">\r\n                    <figure class=\"image-box\"><img decoding=\"async\" src=\"https:\/\/www.moonstarahsap.com\/wp-content\/uploads\/2023\/01\/lambiri.jpg\" alt=\"Awesome Image\"><\/figure>\r\n                <\/div>\r\n                                <!--Content Column-->\r\n                <div class=\"content-column\">\r\n                    <div class=\"inner-column\">\r\n                                                <!-- Sec Title -->\r\n                        <div class=\"sec-title\">\r\n                            <h2>Lambri Teknik \u00d6zellikleri<\/h2>\r\n                            <div class=\"separate\"><\/div>\r\n                        <\/div>\r\n                                                <div class=\"text\"><strong>A\u011fa\u00e7 T\u00fcrleri:<\/strong> \u00c7am - Ladin\n<br><strong>Yap\u0131\u015ft\u0131rma Kalitesi:<\/strong> DIN EN 204 Standard\u0131na uygun D3-D4 normunda\n\u00d6l\u00e7\u00fcler (mm)\n<br><strong>KALINLIK :<\/strong> 16-19-22 mm\n<br><strong>GEN\u0130\u015eL\u0130K :<\/strong> 80-90-125 mm\n<br><strong>UZUNLUK :<\/strong> 1000-3000-4000 mm\n<br><strong>Nem \u0130\u00e7eri\u011fi :<\/strong> %10 \u00b1 2\n<br><strong>Paketleme:<\/strong> Tekli Olarak paketlenmi\u015ftir.\n<br><strong>Z\u0131mpara Kalitesi:<\/strong> 120 kum\n<br><strong>SINIFI:<\/strong> 1-2-3<\/div>\r\n                        <div class=\"row clearfix\">\r\n                            <div class=\"column col-md-6 col-sm-6 col-xs-12\">\r\n                                <ul class=\"list-style-one\">\r\n                                                                                                          <li><span class=\"\"><\/span><\/li>\r\n                                                                    <\/ul>\r\n                            <\/div>\r\n                        <\/div>\r\n                    <\/div>\r\n                <\/div>\r\n                \r\n            <\/div>\r\n        <\/section>\r\n        \r\n        \t\t\t\t<\/div>\n\t\t\t\t<\/div>\n\t\t\t\t\t<\/div>\n\t\t<\/div>\n\t\t\t\t\t<\/div>\n\t\t<\/section>\n\t\t\t\t<section class=\"elementor-section elementor-top-section elementor-element elementor-element-438180f elementor-section-boxed elementor-section-height-default elementor-section-height-default\" data-id=\"438180f\" data-element_type=\"section\" data-e-type=\"section\">\n\t\t\t\t\t\t<div class=\"elementor-container elementor-column-gap-default\">\n\t\t\t\t\t<div class=\"elementor-column elementor-col-100 elementor-top-column elementor-element elementor-element-2725d1f\" data-id=\"2725d1f\" data-element_type=\"column\" data-e-type=\"column\">\n\t\t\t<div class=\"elementor-widget-wrap elementor-element-populated\">\n\t\t\t\t\t\t<div class=\"elementor-element elementor-element-833b154 elementor-widget elementor-widget-text-editor\" data-id=\"833b154\" data-element_type=\"widget\" data-e-type=\"widget\" data-widget_type=\"text-editor.default\">\n\t\t\t\t\t\t\t\t\t<BR><BR>Lambiri Kaplama D\u00f6\u015feme Nedir Nas\u0131l Yap\u0131l\u0131r ?\n<BR><BR>\n\n<strong>LAMB\u0130R\u0130 ( Lambri ) Nedir ?<\/strong>\n<BR>\n\nLambiri birbirine ge\u00e7en ah\u015fap \u00fcr\u00fcnlere verilen genel bir isin olup\u00a0 ortalama 2 santimetre kal\u0131nl\u0131\u011f\u0131nda , 8 cm geni\u015fli\u011finde olan\u00a0 ah\u015fap kaplama malzemeleridir.G\u00fcn\u00fcm\u00fczde bir \u00e7ok lambri \u00e7e\u015fidi mevcuttur ; dar fitilli,geni\u015f fitilsiz,yal\u0131 bask\u0131,bal\u0131k s\u0131rt\u0131 ,ekli gibi adlarda ve g\u00f6r\u00fcn\u00fcmde lambiriler kullanmaktay\u0131z.<BR><BR>\n\nLambriler bir\u00e7ok a\u011fa\u00e7tan elde edilebilirler.Kaplama sonras\u0131 mesleki tabirle d\u00f6nmeyecek ve \u00e7al\u0131\u015fmayacak her a\u011faca fitil \u00e7ekip birbirine ge\u00e7mesi sa\u011flanabilir .Biz HAYER \u00c7ATI AH\u015eAP olarak\u00a0 yerli \u00fcr\u00fcnler\u00a0 tercih etmekteyiz.Bunlar Isparta b\u00f6lgesine ait sar\u0131\u00e7am a\u011fa\u00e7lar\u0131ndan elde edilmektedir.<BR><BR>\n\n\u0130\u00e7 mekan, teras ve balkon gibi alanlarda duvar-tavan kaplamalar\u0131 olarak kullan\u0131lan lambriler, mekanlar\u0131n\u0131za do\u011fal ve estetik olarak y\u00fckseklere \u00e7\u0131karmaktad\u0131r.\u00a0 Duvar ve tavan kaplamalar\u0131 odalar\u0131 daha s\u0131cak ve rahat k\u0131lar.<BR><BR>\n\nBilinenin aksine lambri bulundu\u011fu alan\u0131 \u0131\u015f\u0131k ve ayd\u0131nl\u0131k anlam\u0131nda do\u011fru cila ve vernik uygulamas\u0131 yap\u0131ld\u0131\u011f\u0131 takdirde karartmaz!<BR><BR>\n\nLambrinin kullan\u0131ld\u0131\u011f\u0131 yerlerde \u015f\u0131k ve temiz bir g\u00f6r\u00fcn\u00fcm elde edilir. Ah\u015fap lambri kulland\u0131\u011f\u0131n\u0131z yerler, \u00f6zellikleri sayesinde evinizi, duvar\u0131n\u0131z\u0131 temiz bir g\u00f6r\u00fcn\u00fcm hissiyat\u0131 uyand\u0131racakt\u0131r<BR><BR>\n\nLambiri fiyatlar\u0131 , kullan\u0131lacak lambirinin kalitesine,uygulama yap\u0131lacak yerin detaylar\u0131na\u00a0 ve i\u015f\u00e7ili\u011fe g\u00f6re de\u011fi\u015fkenlik g\u00f6stermekle beraber a\u015fa\u011f\u0131da 2018\u00a0 y\u0131l\u0131 \u00f6rnek lambiri fiyat listemizi bilgi vermesi a\u00e7\u0131s\u0131ndan yay\u0131nl\u0131yoruz.<BR><BR>\n\nKesin fiyat i\u00e7in ke\u015fif talebinde bulunabilir veya WHATSAPP HEMEN F\u0130YAT hatt\u0131m\u0131za ula\u015fabilirsiniz.<BR><BR>\n\n<strong>LAMB\u0130R\u0130 Nerelere Kaplanabilir ,Nerelerde Kullan\u0131l\u0131r ?\u00a0<\/strong><BR>\n\nAh\u015fap lambirilerin kullan\u0131m alan\u0131 olduk\u00e7a geni\u015f olup ev ve ofis i\u00e7 mekan tasar\u0131mlar\u0131ndan d\u0131\u015f mekan kaplamalar\u0131na kadar bir \u00e7ok yerde kullanmaktay\u0131z.\n\nEvlerde ya\u015fam alanlar\u0131n\u0131n s\u0131cak ve estetik g\u00f6r\u00fcn\u00fcme kavu\u015fmas\u0131 i\u00e7in duvarlarda,tavanlarda,yerlerde s\u0131kl\u0131kla ah\u015fap lambiri kaplama i\u015fleri yapmaktay\u0131z.\n\n\u00d6rne\u011fin yemek odalar\u0131,Tv \u00fcnite arkas\u0131,\u00e7ocuk odalar\u0131,koridor ve antre dekorlar\u0131nda,\u00e7at\u0131 piyes ve dubleks daire tavanlar\u0131nda ah\u015fap lambiriler olduk\u00e7a \u00e7ok tercih edilen bir malzemedir.\n<BR><BR>\nOfislerde zengin ve ferah bir g\u00f6r\u00fcn\u00fcm elde etmek isteyen m\u00fc\u015fterilerimiz oldu\u011fu gibi,restoran ve yemek \u00fczerine kurulu i\u015fletmelerde yine en \u00e7ok tercih edilen malzeme lambiri olmaktad\u0131r.<BR><BR>\n\nDi\u011fer t\u00fcm malzemelerle tam uyumlu olan lambiri ,ta\u015f,ferforje demir ve mermer t\u00fcrevi dekor tamamlay\u0131c\u0131 olma \u00f6zelli\u011fi de bar\u0131nd\u0131rmaktad\u0131r.<BR><BR>\n\n&nbsp;\t\t\t\t\t\t\t\t<\/div>\n\t\t\t\t\t<\/div>\n\t\t<\/div>\n\t\t\t\t\t<\/div>\n\t\t<\/section>\n\t\t\t\t<section class=\"elementor-section elementor-top-section elementor-element elementor-element-1349dea elementor-section-boxed elementor-section-height-default elementor-section-height-default\" data-id=\"1349dea\" data-element_type=\"section\" data-e-type=\"section\">\n\t\t\t\t\t\t<div class=\"elementor-container elementor-column-gap-default\">\n\t\t\t\t\t<div class=\"elementor-column elementor-col-100 elementor-top-column elementor-element elementor-element-d09eecb\" data-id=\"d09eecb\" data-element_type=\"column\" data-e-type=\"column\">\n\t\t\t<div class=\"elementor-widget-wrap elementor-element-populated\">\n\t\t\t\t\t\t<div class=\"elementor-element elementor-element-428d932 elementor-widget elementor-widget-sawmall_call_to_action_v2\" data-id=\"428d932\" data-element_type=\"widget\" data-e-type=\"widget\" data-widget_type=\"sawmall_call_to_action_v2.default\">\n\t\t\t\t<div class=\"elementor-widget-container\">\n\t\t\t\t\t\t\t\r\n        <!-- Call To Action Two Section -->\r\n        <section class=\"call-to-action-section-two\" style=\"background-image:url(https:\/\/www.moonstarahsap.com\/wp-content\/uploads\/2020\/12\/9-1.jpg)\">\r\n            <div class=\"auto-container\">\r\n                <div class=\"row clearfix\">\r\n                    \r\n                    <!-- Title Column -->\r\n                    <div class=\"title-column col-lg-7 col-md-12 col-sm-12\">\r\n                        <div class=\"inner-column\">\r\n                            <h3>Daha fazla \u00fcr\u00fcn i\u00e7in bizimle ileti\u015fime ge\u00e7in<\/h3>\r\n                        <\/div>\r\n                    <\/div>\r\n                                        <!-- Button Column -->\r\n                    <div class=\"btn-column col-lg-5 col-md-12 col-sm-12\">\r\n                        <div class=\"inner-column\">\r\n                            <a href=\"https:\/\/www.moonstarahsap.com\/index.php\/contact-us\" class=\"theme-btn btn-style-four\"><span class=\"txt\">Bize Ula\u015f\u0131n<\/span><\/a>\r\n                        <\/div>\r\n                    <\/div>\r\n                                    <\/div>\r\n            <\/div>\r\n        <\/section>\r\n        <!-- End Call To Action Two Section -->\r\n        \r\n        \t\t\t\t<\/div>\n\t\t\t\t<\/div>\n\t\t\t\t\t<\/div>\n\t\t<\/div>\n\t\t\t\t\t<\/div>\n\t\t<\/section>\n\t\t\t\t<\/div>\n\t\t","protected":false},"excerpt":{"rendered":"<p>Lambri Teknik \u00d6zellikleri A\u011fa\u00e7 T\u00fcrleri: \u00c7am &#8211; Ladin Yap\u0131\u015ft\u0131rma Kalitesi: DIN EN 204 Standard\u0131na uygun D3-D4 normunda \u00d6l\u00e7\u00fcler (mm) KALINLIK : 16-19-22 mm GEN\u0130\u015eL\u0130K : 80-90-125 mm UZUNLUK : 1000-3000-4000 mm Nem \u0130\u00e7eri\u011fi : %10 \u00b1 2 Paketleme: Tekli Olarak paketlenmi\u015ftir. Z\u0131mpara Kalitesi: 120 kum SINIFI: 1-2-3 Lambiri Kaplama D\u00f6\u015feme Nedir Nas\u0131l Yap\u0131l\u0131r ? LAMB\u0130R\u0130 [&hellip;]<\/p>\n","protected":false},"author":1,"featured_media":0,"parent":0,"menu_order":0,"comment_status":"closed","ping_status":"closed","template":"tpl-default-elementor.php","meta":{"ngg_post_thumbnail":0,"footnotes":""},"class_list":["post-1759","page","type-page","status-publish","hentry"],"_links":{"self":[{"href":"https:\/\/www.moonstarahsap.com\/index.php\/wp-json\/wp\/v2\/pages\/1759","targetHints":{"allow":["GET"]}}],"collection":[{"href":"https:\/\/www.moonstarahsap.com\/index.php\/wp-json\/wp\/v2\/pages"}],"about":[{"href":"https:\/\/www.moonstarahsap.com\/index.php\/wp-json\/wp\/v2\/types\/page"}],"author":[{"embeddable":true,"href":"https:\/\/www.moonstarahsap.com\/index.php\/wp-json\/wp\/v2\/users\/1"}],"replies":[{"embeddable":true,"href":"https:\/\/www.moonstarahsap.com\/index.php\/wp-json\/wp\/v2\/comments?post=1759"}],"version-history":[{"count":10,"href":"https:\/\/www.moonstarahsap.com\/index.php\/wp-json\/wp\/v2\/pages\/1759\/revisions"}],"predecessor-version":[{"id":1773,"href":"https:\/\/www.moonstarahsap.com\/index.php\/wp-json\/wp\/v2\/pages\/1759\/revisions\/1773"}],"wp:attachment":[{"href":"https:\/\/www.moonstarahsap.com\/index.php\/wp-json\/wp\/v2\/media?parent=1759"}],"curies":[{"name":"wp","href":"https:\/\/api.w.org\/{rel}","templated":true}]}}