{"id":1504,"date":"2022-12-18T23:42:34","date_gmt":"2022-12-18T20:42:34","guid":{"rendered":"https:\/\/www.moonstarahsap.com\/?page_id=1504"},"modified":"2023-01-11T16:40:05","modified_gmt":"2023-01-11T13:40:05","slug":"mese","status":"publish","type":"page","link":"https:\/\/www.moonstarahsap.com\/index.php\/panel\/mese","title":{"rendered":"Me\u015fe"},"content":{"rendered":"\t\t<div data-elementor-type=\"wp-page\" data-elementor-id=\"1504\" class=\"elementor elementor-1504\">\n\t\t\t\t\t\t<section class=\"elementor-section elementor-top-section elementor-element elementor-element-d88c9b4 elementor-section-full_width elementor-section-height-default elementor-section-height-default\" data-id=\"d88c9b4\" data-element_type=\"section\" data-e-type=\"section\">\n\t\t\t\t\t\t<div class=\"elementor-container elementor-column-gap-default\">\n\t\t\t\t\t<div class=\"elementor-column elementor-col-100 elementor-top-column elementor-element elementor-element-d64cba2\" data-id=\"d64cba2\" data-element_type=\"column\" data-e-type=\"column\">\n\t\t\t<div class=\"elementor-widget-wrap elementor-element-populated\">\n\t\t\t\t\t\t<div class=\"elementor-element elementor-element-7cd35ee elementor-widget elementor-widget-sawmall_why_choose_us\" data-id=\"7cd35ee\" data-element_type=\"widget\" data-e-type=\"widget\" data-widget_type=\"sawmall_why_choose_us.default\">\n\t\t\t\t<div class=\"elementor-widget-container\">\n\t\t\t\t\t\t\t\r\n        <!-- Fluid Section Two -->\r\n        <section class=\"fluid-section-two\">\r\n            <div class=\"outer-container clearfix\">\r\n                                <!--Image Column-->\r\n                <div class=\"image-column\" style=\"background-image:url(https:\/\/www.moonstarahsap.com\/wp-content\/uploads\/2022\/12\/mese-web-1.jpg)\">\r\n                    <figure class=\"image-box\"><img decoding=\"async\" src=\"https:\/\/www.moonstarahsap.com\/wp-content\/uploads\/2022\/12\/mese-web-1.jpg\" alt=\"Awesome Image\"><\/figure>\r\n                <\/div>\r\n                                <!--Content Column-->\r\n                <div class=\"content-column\">\r\n                    <div class=\"inner-column\">\r\n                                                <!-- Sec Title -->\r\n                        <div class=\"sec-title\">\r\n                            <h2>Me\u015fe Teknik \u00d6zellikleri<\/h2>\r\n                            <div class=\"separate\"><\/div>\r\n                        <\/div>\r\n                                                <div class=\"text\"><p><span style=\"font-size:11pt\"><span style=\"font-family:Calibri,sans-serif\"><strong><span style=\",sans-serif\">A\u011fa&ccedil; T&uuml;rleri: <\/span><\/strong>Me\u015fe<br \/>\n<strong><span style=\",sans-serif\">Yap\u0131\u015ft\u0131rma Kalitesi:<\/span><\/strong> DIN EN 204 Standard\u0131na uygun D3-D4 normunda<br \/>\n<strong><span style=\",sans-serif\">&Ouml;l&ccedil;&uuml;ler<\/span><\/strong> (mm)<br \/>\n<strong><span style=\",sans-serif\">Kalinlik :<\/span><\/strong> 18,25,28,30,40,45 mm<br \/>\n<strong><span style=\",sans-serif\">Geni\u015flik : <\/span><\/strong>670,1220 mm<br \/>\n<strong><span style=\",sans-serif\">Uzunluk : <\/span><\/strong>3500 - 5000 mm<br \/>\n<strong><span style=\",sans-serif\">Nem \u0130&ccedil;eri\u011fi:<\/span><\/strong> %10 &plusmn; 2<br \/>\n<strong><span style=\",sans-serif\">Paketleme:<\/span><\/strong> Tekli Olarak paketlenmi\u015ftir.<br \/>\n<strong><span style=\",sans-serif\">Z\u0131mpara Kalitesi: <\/span><\/strong>120 kum<br \/>\n<strong><span style=\",sans-serif\">Sinifi: <\/span><\/strong>AA, AB, BB, BC, CC, Rustic<\/span><\/span><\/p>\n\n<p>&nbsp;<\/p>\n<\/div>\r\n                        <div class=\"row clearfix\">\r\n                            <div class=\"column col-md-6 col-sm-6 col-xs-12\">\r\n                                <ul class=\"list-style-one\">\r\n                                                                                                          <li><span class=\"\"><\/span><\/li>\r\n                                                                    <\/ul>\r\n                            <\/div>\r\n                        <\/div>\r\n                    <\/div>\r\n                <\/div>\r\n                \r\n            <\/div>\r\n        <\/section>\r\n        \r\n        \t\t\t\t<\/div>\n\t\t\t\t<\/div>\n\t\t\t\t\t<\/div>\n\t\t<\/div>\n\t\t\t\t\t<\/div>\n\t\t<\/section>\n\t\t\t\t<section class=\"elementor-section elementor-top-section elementor-element elementor-element-00028e4 elementor-section-boxed elementor-section-height-default elementor-section-height-default\" data-id=\"00028e4\" data-element_type=\"section\" data-e-type=\"section\">\n\t\t\t\t\t\t<div class=\"elementor-container elementor-column-gap-default\">\n\t\t\t\t\t<div class=\"elementor-column elementor-col-100 elementor-top-column elementor-element elementor-element-6b92b06\" data-id=\"6b92b06\" data-element_type=\"column\" data-e-type=\"column\">\n\t\t\t<div class=\"elementor-widget-wrap elementor-element-populated\">\n\t\t\t\t\t\t<div class=\"elementor-element elementor-element-6224721 elementor-widget elementor-widget-text-editor\" data-id=\"6224721\" data-element_type=\"widget\" data-e-type=\"widget\" data-widget_type=\"text-editor.default\">\n\t\t\t\t\t\t\t\t\t<p>\u00a0<\/p><p><img fetchpriority=\"high\" decoding=\"async\" class=\"alignright size-medium wp-image-1508\" src=\"https:\/\/www.moonstarahsap.com\/wp-content\/uploads\/2022\/12\/mese-panel2-300x200.jpeg\" alt=\"\" width=\"300\" height=\"200\" srcset=\"https:\/\/www.moonstarahsap.com\/wp-content\/uploads\/2022\/12\/mese-panel2-300x200.jpeg 300w, https:\/\/www.moonstarahsap.com\/wp-content\/uploads\/2022\/12\/mese-panel2-768x512.jpeg 768w, https:\/\/www.moonstarahsap.com\/wp-content\/uploads\/2022\/12\/mese-panel2.jpeg 1024w\" sizes=\"(max-width: 300px) 100vw, 300px\" \/>Palamutlar\u0131n 18 ayda olgunla\u015fmas\u0131 ve dikensi (k\u0131l\u00e7\u0131ks\u0131) u\u00e7lu yaprak loplar\u0131 gibi karakterleri genel \u00f6zelliklerini yans\u0131t\u0131r. 20\u201330 m veya daha y\u00fckseklikte, g\u00f6vdesi 2 m \u00e7ap\u0131nda, tac\u0131 gen\u00e7likte konik ya\u015fland\u0131k\u00e7a geni\u015fleyen bir orman a\u011fac\u0131d\u0131r.<\/p><p><b>Yaprak\u00a0:<\/b>\u00a06-12 x 3\u20135\u00a0cm boyutundaki 5-9 \u00e7iftli loplu\u00a0yapraklar\u0131n\u00a0sin\u00fcsleri (bo\u015fluk) orta damara kadar uzan\u0131r veya ona yak\u0131n bir yerde sonlan\u0131r. Koyu ye\u015fil yapraklar\u0131n \u00fczeri p\u00fcr\u00fczl\u00fc ve y\u0131ld\u0131z t\u00fcyl\u00fcd\u00fcr. Alt y\u00fczeyi soluk renkli olan yapraklar s\u0131k t\u00fcyl\u00fcd\u00fcr. K\u00fct u\u00e7lu yapraklar\u0131n taban\u0131 kesiklidir. 8-14 yanal damarl\u0131 yapraklar\u0131n t\u00fcyl\u00fc sap\u0131 0.5\u20132\u00a0cm uzunlu\u011funda olukludur.<\/p><p><b>\u00c7i\u00e7ek\u00a0:<\/b>\u00a0Haziran ay\u0131nda g\u00f6r\u00fclen s\u00fcrg\u00fcn taban\u0131ndan \u00e7\u0131kan\u00a0kedicik\u00a0tipi erkek\u00a0\u00e7i\u00e7eklerin\u00a0rengi sar\u0131ms\u0131 kahverenginden k\u0131rm\u0131z\u0131ya d\u00f6ner. 1-5&#8217;i bir arada bulunan k\u0131sa boylu di\u015fi \u00e7i\u00e7eklerin sap\u0131 t\u00fcyl\u00fcd\u00fcr. 4\u00a0boyuncu\u011fu\u00a0bulunur.<\/p><p><b>Meyve\u00a0:<\/b>\u00a03\u00a0cm uzunlu\u011fundaki\u00a0palamut\u00a0silindirik, sivri u\u00e7lu ve saps\u0131zd\u0131r. Kadeh palamudun 2\/3&#8217;n\u00fc i\u00e7ine al\u0131r. Sa\u00e7l\u0131 uzun kadeh 1\u00a0cm y\u00fckseklik ile 1.8 \u00e7ap\u0131nda, ince yap\u0131l\u0131 olup pullar geriye do\u011fru e\u011filmi\u015ftir.\u00a0Meyve\u00a02 y\u0131lda olgunla\u015f\u0131r.<\/p><p><b>Kabuk, dal ve tomurcuk\u00a0:<\/b>\u00a0Kabu\u011fu kal\u0131n soluk gri renkli ve \u00e7atlakl\u0131d\u0131r. Hafif t\u00fcyl\u00fc bo\u011fumlu dallar sonradan grimsi-kahverengiye d\u00f6ner. Yumurta bi\u00e7imindeki\u00a0tomurcuklar\u0131n\u00a0kulak\u00e7\u0131klar\u0131\u00a0uzun sa\u00e7l\u0131 ve kal\u0131c\u0131d\u0131r. Pullar k\u0131vr\u0131ml\u0131d\u0131r.<\/p><p>Yakla\u015f\u0131k 120000 y\u0131l \u00f6nceki buzul \u00e7a\u011f\u0131ndan evvel Kuzey\u00a0Avrupa&#8217;da yayg\u0131nd\u0131. 18. y\u00fczy\u0131ldan itibaren\u00a0Birle\u015fik Krall\u0131k\u00a0ve\u00a0\u0130rlanda&#8217;ya yeniden getirildi. Bug\u00fcn ise me\u015fe \u00fczerinde a\u011fa\u00e7 urlar\u0131 olu\u015fturan ku\u015flara besin sa\u011flar. S\u00fcs a\u011fac\u0131 ve k\u0131y\u0131larda r\u00fczg\u00e2r siperi olarak kullan\u0131l\u0131r. Odunu di\u011fer me\u015felerle ayn\u0131 \u00f6zelliklere sahip olmas\u0131na kar\u015f\u0131n \u00e7ok \u00e7atlakl\u0131 ve kolay yar\u0131l\u0131r bundan dolay\u0131 \u00e7it yap\u0131m\u0131 i\u00e7in uygundur. Birka\u00e7\u00a0k\u00fcltivar\u0131\u00a0se\u00e7ilmi\u015ftir. Bunlardan alaca yaprakl\u0131 &#8216;Variegata&#8217; ile b\u00fcy\u00fck derin loplu yapraklar\u0131 olan k\u00fcltivar &#8216;Woden&#8217; say\u0131labilir.<\/p><p>B\u00fct\u00fcn toprak tiplerinde hatta alkalli ve besince yoksun sahalarda da yeti\u015fir.<\/p>\t\t\t\t\t\t\t\t<\/div>\n\t\t\t\t\t<\/div>\n\t\t<\/div>\n\t\t\t\t\t<\/div>\n\t\t<\/section>\n\t\t\t\t<section class=\"elementor-section elementor-top-section elementor-element elementor-element-13fcc7a elementor-section-full_width elementor-section-height-default elementor-section-height-default\" data-id=\"13fcc7a\" data-element_type=\"section\" data-e-type=\"section\">\n\t\t\t\t\t\t<div class=\"elementor-container elementor-column-gap-default\">\n\t\t\t\t\t<div class=\"elementor-column elementor-col-100 elementor-top-column elementor-element elementor-element-b53f94f\" data-id=\"b53f94f\" data-element_type=\"column\" data-e-type=\"column\">\n\t\t\t<div class=\"elementor-widget-wrap elementor-element-populated\">\n\t\t\t\t\t\t<div class=\"elementor-element elementor-element-db422e3 elementor-widget elementor-widget-sawmall_call_to_action_v2\" data-id=\"db422e3\" data-element_type=\"widget\" data-e-type=\"widget\" data-widget_type=\"sawmall_call_to_action_v2.default\">\n\t\t\t\t<div class=\"elementor-widget-container\">\n\t\t\t\t\t\t\t\r\n        <!-- Call To Action Two Section -->\r\n        <section class=\"call-to-action-section-two\" style=\"background-image:url(https:\/\/www.moonstarahsap.com\/wp-content\/uploads\/2020\/12\/9-1.jpg)\">\r\n            <div class=\"auto-container\">\r\n                <div class=\"row clearfix\">\r\n                    \r\n                    <!-- Title Column -->\r\n                    <div class=\"title-column col-lg-7 col-md-12 col-sm-12\">\r\n                        <div class=\"inner-column\">\r\n                            <h3>Daha fazla \u00fcr\u00fcn i\u00e7in bizimle ileti\u015fime ge\u00e7in<\/h3>\r\n                        <\/div>\r\n                    <\/div>\r\n                                        <!-- Button Column -->\r\n                    <div class=\"btn-column col-lg-5 col-md-12 col-sm-12\">\r\n                        <div class=\"inner-column\">\r\n                            <a href=\"https:\/\/www.moonstarahsap.com\/index.php\/contact-us\" class=\"theme-btn btn-style-four\"><span class=\"txt\">Bize Ula\u015f\u0131n<\/span><\/a>\r\n                        <\/div>\r\n                    <\/div>\r\n                                    <\/div>\r\n            <\/div>\r\n        <\/section>\r\n        <!-- End Call To Action Two Section -->\r\n        \r\n        \t\t\t\t<\/div>\n\t\t\t\t<\/div>\n\t\t\t\t\t<\/div>\n\t\t<\/div>\n\t\t\t\t\t<\/div>\n\t\t<\/section>\n\t\t\t\t<\/div>\n\t\t","protected":false},"excerpt":{"rendered":"<p>Me\u015fe Teknik \u00d6zellikleri A\u011fa&ccedil; T&uuml;rleri: Me\u015fe Yap\u0131\u015ft\u0131rma Kalitesi: DIN EN 204 Standard\u0131na uygun D3-D4 normunda &Ouml;l&ccedil;&uuml;ler (mm) Kalinlik : 18,25,28,30,40,45 mm Geni\u015flik : 670,1220 mm Uzunluk : 3500 &#8211; 5000 mm Nem \u0130&ccedil;eri\u011fi: %10 &plusmn; 2 Paketleme: Tekli Olarak paketlenmi\u015ftir. Z\u0131mpara Kalitesi: 120 kum Sinifi: AA, AB, BB, BC, CC, Rustic &nbsp; \u00a0 Palamutlar\u0131n 18 [&hellip;]<\/p>\n","protected":false},"author":1,"featured_media":0,"parent":1502,"menu_order":0,"comment_status":"closed","ping_status":"closed","template":"tpl-default-elementor.php","meta":{"ngg_post_thumbnail":0,"footnotes":""},"class_list":["post-1504","page","type-page","status-publish","hentry"],"_links":{"self":[{"href":"https:\/\/www.moonstarahsap.com\/index.php\/wp-json\/wp\/v2\/pages\/1504","targetHints":{"allow":["GET"]}}],"collection":[{"href":"https:\/\/www.moonstarahsap.com\/index.php\/wp-json\/wp\/v2\/pages"}],"about":[{"href":"https:\/\/www.moonstarahsap.com\/index.php\/wp-json\/wp\/v2\/types\/page"}],"author":[{"embeddable":true,"href":"https:\/\/www.moonstarahsap.com\/index.php\/wp-json\/wp\/v2\/users\/1"}],"replies":[{"embeddable":true,"href":"https:\/\/www.moonstarahsap.com\/index.php\/wp-json\/wp\/v2\/comments?post=1504"}],"version-history":[{"count":9,"href":"https:\/\/www.moonstarahsap.com\/index.php\/wp-json\/wp\/v2\/pages\/1504\/revisions"}],"predecessor-version":[{"id":1645,"href":"https:\/\/www.moonstarahsap.com\/index.php\/wp-json\/wp\/v2\/pages\/1504\/revisions\/1645"}],"up":[{"embeddable":true,"href":"https:\/\/www.moonstarahsap.com\/index.php\/wp-json\/wp\/v2\/pages\/1502"}],"wp:attachment":[{"href":"https:\/\/www.moonstarahsap.com\/index.php\/wp-json\/wp\/v2\/media?parent=1504"}],"curies":[{"name":"wp","href":"https:\/\/api.w.org\/{rel}","templated":true}]}}